{"id":20,"date":"2025-08-25T10:10:57","date_gmt":"2025-08-25T10:10:57","guid":{"rendered":"https:\/\/www.hannakyto.fi\/000\/?page_id=20"},"modified":"2025-09-24T09:25:23","modified_gmt":"2025-09-24T09:25:23","slug":"ansioluettelo","status":"publish","type":"page","link":"https:\/\/hannakyto.fi\/?page_id=20","title":{"rendered":"CV"},"content":{"rendered":"\n<div class=\"wp-block-group has-global-padding is-layout-constrained wp-block-group-is-layout-constrained\">\n<h2 class=\"wp-block-heading\">Ansioluettelo (FI)<\/h2>\n\n\n\n<p>s.1997 Oulu<\/p>\n\n\n\n<p>Joktocon, Kirjailijapaneelin vet\u00e4j\u00e4 9.8.2025<\/p>\n\n\n\n<p class=\"is-style-default\">Suomen tieteis- ja fantasiakirjoittajien hallituksen j\u00e4sen 2025 &#8211;<\/p>\n\n\n\n<p>Taideyliopiston Kuvataideakatemia, Kuvataiteen maisteri 2024<\/p>\n\n\n\n<p>Taideyliopiston tukis\u00e4\u00e4ti\u00f6n apuraha 2024<\/p>\n\n\n\n<p>Kuvataideakatemia, Kuvan Kev\u00e4t 2024<\/p>\n\n\n\n<p>Apexart jury, 2021, 2023 ja 2024<\/p>\n\n\n\n<p>Presidentinvaalit, vaalitoimikunta varaj\u00e4sen 2024<\/p>\n\n\n\n<p>Etel\u00e4-Suomen Sanomat, haastattelu 22.6.2023 <a href=\"https:\/\/www.ess.fi\/paikalliset\/6021983\">https:\/\/www.ess.fi\/paikalliset\/6021983<\/a><\/p>\n\n\n\n<p>Galleria Uusi Kipin\u00e4, Lahti 2023<\/p>\n\n\n\n<p>Taidemaalariliiton kokelasj\u00e4senyys 2023 &#8211;<\/p>\n\n\n\n<p>Kuvataideakatemian oppilaskunnan hallituksen j\u00e4sen 2019-2022<\/p>\n\n\n\n<p>Taideyliopiston Kuvataideakatemia, Kuvataiteen kandidaatti 2021<\/p>\n\n\n\n<p>Kuvataideakatemian joulumyyj\u00e4isten p\u00e4\u00e4j\u00e4rjest\u00e4j\u00e4 2021<\/p>\n\n\n\n<p>Kuvataideakatemian Kandin\u00e4yttely 2021<\/p>\n\n\n\n<p>TaiYo, Edustajistovaalien keskusvaalilautakunnan varapuheenjohtaja 2021<\/p>\n\n\n\n<p>TaiYo, Edustajiston varaj\u00e4sen 2020, \u00e4\u00e4nivaltainen j\u00e4sen 2021<\/p>\n\n\n\n<p>Kuvataideakatemia, haastattelu 7.12.2020 <a href=\"https:\/\/www.uniarts.fi\/artikkelit\/haastattelut\/kuvataiteen-opiskelija-on-tarkeaa-kuulla-mita-muut-opiskelijat-ajattelevat-taiteen-tekemisesta\/\">https:\/\/www.uniarts.fi\/artikkelit\/haastattelut\/kuvataiteen-opiskelija-on-tarkeaa-kuulla-mita-muut-opiskelijat-ajattelevat-taiteen-tekemisesta\/<\/a><\/p>\n\n\n\n<p>Kuvataideakatemia, tuutori 2019<\/p>\n\n\n\n<p>Kuvataideakatemia, Maalauksen osaston lehtorin valinta, opiskelijaedustaja, toukokuu 2019<\/p>\n\n\n\n<p>Veeran verstas, taiteellisen ty\u00f6skentelyni esittely, Oulu 2019<\/p>\n\n\n\n<p>Kuvataideakatemian kirjasto, kuukauden taiteilija, lokakuu 2019<\/p>\n\n\n\n<p>Lahden Kansanopiston kuvataidelinja 2016-2017<\/p>\n<\/div>\n\n\n\n<p><\/p>\n\n\n\n<div class=\"wp-block-group has-global-padding is-layout-constrained wp-block-group-is-layout-constrained\">\n<h2 class=\"wp-block-heading\">Curriculum Vitae (EN)<\/h2>\n\n\n\n<p>Born 1997, Oulu, Northern Finland<\/p>\n\n\n\n<p>Joktocon, host of writer&#8217;s panel discussion 9.8.2025<\/p>\n\n\n\n<p class=\"is-style-default\">The Finnish Science Fiction and Fantasy Writers Association, board member 2025 &#8211;<\/p>\n\n\n\n<p>University of the Arts Helsinki, Academy of Fine Arts , Master of Fine Arts 2024<\/p>\n\n\n\n<p>The University of Arts Helsinki Foundation Scholarship for students graduating within the target time 2024<\/p>\n\n\n\n<p>Uniarts Helsinki, Academy of Fine Arts , graduation exhibition, Kuvan Kev\u00e4t 2024<\/p>\n\n\n\n<p>Apexart jury, 2021, 2023 ja 2024<\/p>\n\n\n\n<p>Finnish presidential election, polling station employee 2024<\/p>\n\n\n\n<p>Etel\u00e4-Suomen Sanomat, newspaper interview 22.6.2023 <a href=\"https:\/\/www.ess.fi\/paikalliset\/6021983\">https:\/\/www.ess.fi\/paikalliset\/6021983<\/a><\/p>\n\n\n\n<p>Galleria Uusi Kipin\u00e4, solo exhibition in Lahti, Finland 2023<\/p>\n\n\n\n<p>Finnish Painter&#8217;s Union, candidate member 2023 &#8211;<\/p>\n\n\n\n<p>Academy of Fine arts, board member of KuVa student body (oppilaskunta) 2019-2022 <\/p>\n\n\n\n<p>Uniarts Helsinki, Academy of Fine Arts, Bachelor of Fine Arts 2021<\/p>\n\n\n\n<p>Uniarts Helsinki, Academy of Fine Arts, Christmas Sale, main (student) organizer 2021<\/p>\n\n\n\n<p>Uniarts Helsinki, Academy of Fine Arts, Bachelor&#8217;s exhibition 2021<\/p>\n\n\n\n<p>TaiYo, Representative Council election, Vice Chairman of the Central Election Committee 2021<\/p>\n\n\n\n<p>Taiyo, Representative council standby 2020, voting member 2021<\/p>\n\n\n\n<p>Uniarts Helsinki, Academy of Fine Arts, interview relating to studies 7.12.2020 <a href=\"https:\/\/www.uniarts.fi\/artikkelit\/haastattelut\/kuvataiteen-opiskelija-on-tarkeaa-kuulla-mita-muut-opiskelijat-ajattelevat-taiteen-tekemisesta\/\">https:\/\/www.uniarts.fi\/artikkelit\/haastattelut\/kuvataiteen-opiskelija-on-tarkeaa-kuulla-mita-muut-opiskelijat-ajattelevat-taiteen-tekemisesta\/<\/a><\/p>\n\n\n\n<p>Uniarts Helsinki, Academy of Fine Arts, tutor 2019<\/p>\n\n\n\n<p>Uniarts Helsinki, Academy of Fine Arts, Painting department lecturer (lehtori) selection, student representative, May 2019<\/p>\n\n\n\n<p>Veeran verstas, artist talk: Introduction to my  practice, Oulu, Finland 2019<\/p>\n\n\n\n<p>Uniarts Helsinki, Academy of Fine Arts, Library, Artist of the month, October 2019<\/p>\n\n\n\n<p>Lahti Academy of liberal and fine arts 2016-2017<\/p>\n<\/div>\n","protected":false},"excerpt":{"rendered":"<p>Ansioluettelo (FI) s.1997 Oulu Joktocon, Kirjailijapaneelin vet\u00e4j\u00e4 9.8.2025 Suomen tieteis- ja fantasiakirjoittajien hallituksen j\u00e4sen 2025 &#8211; Taideyliopiston Kuvataideakatemia, Kuvataiteen maisteri 2024 Taideyliopiston tukis\u00e4\u00e4ti\u00f6n apuraha 2024 Kuvataideakatemia, Kuvan Kev\u00e4t 2024 Apexart jury, 2021, 2023 ja 2024 Presidentinvaalit, vaalitoimikunta varaj\u00e4sen 2024 Etel\u00e4-Suomen Sanomat, haastattelu 22.6.2023 https:\/\/www.ess.fi\/paikalliset\/6021983 Galleria Uusi Kipin\u00e4, Lahti 2023 Taidemaalariliiton kokelasj\u00e4senyys 2023 &#8211; Kuvataideakatemian oppilaskunnan [&hellip;]<\/p>\n","protected":false},"author":1,"featured_media":0,"parent":0,"menu_order":0,"comment_status":"closed","ping_status":"closed","template":"","meta":{"footnotes":""},"class_list":["post-20","page","type-page","status-publish","hentry"],"_links":{"self":[{"href":"https:\/\/hannakyto.fi\/index.php?rest_route=\/wp\/v2\/pages\/20","targetHints":{"allow":["GET"]}}],"collection":[{"href":"https:\/\/hannakyto.fi\/index.php?rest_route=\/wp\/v2\/pages"}],"about":[{"href":"https:\/\/hannakyto.fi\/index.php?rest_route=\/wp\/v2\/types\/page"}],"author":[{"embeddable":true,"href":"https:\/\/hannakyto.fi\/index.php?rest_route=\/wp\/v2\/users\/1"}],"replies":[{"embeddable":true,"href":"https:\/\/hannakyto.fi\/index.php?rest_route=%2Fwp%2Fv2%2Fcomments&post=20"}],"version-history":[{"count":15,"href":"https:\/\/hannakyto.fi\/index.php?rest_route=\/wp\/v2\/pages\/20\/revisions"}],"predecessor-version":[{"id":79,"href":"https:\/\/hannakyto.fi\/index.php?rest_route=\/wp\/v2\/pages\/20\/revisions\/79"}],"wp:attachment":[{"href":"https:\/\/hannakyto.fi\/index.php?rest_route=%2Fwp%2Fv2%2Fmedia&parent=20"}],"curies":[{"name":"wp","href":"https:\/\/api.w.org\/{rel}","templated":true}]}}

<div class="wp-block-group has-global-padding is-layout-constrained wp-block-group-is-layout-constrained">
<h2 class="wp-block-heading">Ansioluettelo (FI)</h2>



<p>s.1997 Oulu</p>



<p>Joktocon, Kirjailijapaneelin vetäjä 9.8.2025</p>



<p class="is-style-default">Suomen tieteis- ja fantasiakirjoittajien hallituksen jäsen 2025 &#8211;</p>



<p>Taideyliopiston Kuvataideakatemia, Kuvataiteen maisteri 2024</p>



<p>Taideyliopiston tukisäätiön apuraha 2024</p>



<p>Kuvataideakatemia, Kuvan Kevät 2024</p>



<p>Apexart jury, 2021, 2023 ja 2024</p>



<p>Presidentinvaalit, vaalitoimikunta varajäsen 2024</p>



<p>Etelä-Suomen Sanomat, haastattelu 22.6.2023 <a href="https://www.ess.fi/paikalliset/6021983">https://www.ess.fi/paikalliset/6021983</a></p>



<p>Galleria Uusi Kipinä, Lahti 2023</p>



<p>Taidemaalariliiton kokelasjäsenyys 2023 &#8211;</p>



<p>Kuvataideakatemian oppilaskunnan hallituksen jäsen 2019-2022</p>



<p>Taideyliopiston Kuvataideakatemia, Kuvataiteen kandidaatti 2021</p>



<p>Kuvataideakatemian joulumyyjäisten pääjärjestäjä 2021</p>



<p>Kuvataideakatemian Kandinäyttely 2021</p>



<p>TaiYo, Edustajistovaalien keskusvaalilautakunnan varapuheenjohtaja 2021</p>



<p>TaiYo, Edustajiston varajäsen 2020, äänivaltainen jäsen 2021</p>



<p>Kuvataideakatemia, haastattelu 7.12.2020 <a href="https://www.uniarts.fi/artikkelit/haastattelut/kuvataiteen-opiskelija-on-tarkeaa-kuulla-mita-muut-opiskelijat-ajattelevat-taiteen-tekemisesta/">https://www.uniarts.fi/artikkelit/haastattelut/kuvataiteen-opiskelija-on-tarkeaa-kuulla-mita-muut-opiskelijat-ajattelevat-taiteen-tekemisesta/</a></p>



<p>Kuvataideakatemia, tuutori 2019</p>



<p>Kuvataideakatemia, Maalauksen osaston lehtorin valinta, opiskelijaedustaja, toukokuu 2019</p>



<p>Veeran verstas, taiteellisen työskentelyni esittely, Oulu 2019</p>



<p>Kuvataideakatemian kirjasto, kuukauden taiteilija, lokakuu 2019</p>



<p>Lahden Kansanopiston kuvataidelinja 2016-2017</p>
</div>



<p></p>



<div class="wp-block-group has-global-padding is-layout-constrained wp-block-group-is-layout-constrained">
<h2 class="wp-block-heading">Curriculum Vitae (EN)</h2>



<p>Born 1997, Oulu, Northern Finland</p>



<p>Joktocon, host of writer&#8217;s panel discussion 9.8.2025</p>



<p class="is-style-default">The Finnish Science Fiction and Fantasy Writers Association, board member 2025 &#8211;</p>



<p>University of the Arts Helsinki, Academy of Fine Arts , Master of Fine Arts 2024</p>



<p>The University of Arts Helsinki Foundation Scholarship for students graduating within the target time 2024</p>



<p>Uniarts Helsinki, Academy of Fine Arts , graduation exhibition, Kuvan Kevät 2024</p>



<p>Apexart jury, 2021, 2023 ja 2024</p>



<p>Finnish presidential election, polling station employee 2024</p>



<p>Etelä-Suomen Sanomat, newspaper interview 22.6.2023 <a href="https://www.ess.fi/paikalliset/6021983">https://www.ess.fi/paikalliset/6021983</a></p>



<p>Galleria Uusi Kipinä, solo exhibition in Lahti, Finland 2023</p>



<p>Finnish Painter&#8217;s Union, candidate member 2023 &#8211;</p>



<p>Academy of Fine arts, board member of KuVa student body (oppilaskunta) 2019-2022 </p>



<p>Uniarts Helsinki, Academy of Fine Arts, Bachelor of Fine Arts 2021</p>



<p>Uniarts Helsinki, Academy of Fine Arts, Christmas Sale, main (student) organizer 2021</p>



<p>Uniarts Helsinki, Academy of Fine Arts, Bachelor&#8217;s exhibition 2021</p>



<p>TaiYo, Representative Council election, Vice Chairman of the Central Election Committee 2021</p>



<p>Taiyo, Representative council standby 2020, voting member 2021</p>



<p>Uniarts Helsinki, Academy of Fine Arts, interview relating to studies 7.12.2020 <a href="https://www.uniarts.fi/artikkelit/haastattelut/kuvataiteen-opiskelija-on-tarkeaa-kuulla-mita-muut-opiskelijat-ajattelevat-taiteen-tekemisesta/">https://www.uniarts.fi/artikkelit/haastattelut/kuvataiteen-opiskelija-on-tarkeaa-kuulla-mita-muut-opiskelijat-ajattelevat-taiteen-tekemisesta/</a></p>



<p>Uniarts Helsinki, Academy of Fine Arts, tutor 2019</p>



<p>Uniarts Helsinki, Academy of Fine Arts, Painting department lecturer (lehtori) selection, student representative, May 2019</p>



<p>Veeran verstas, artist talk: Introduction to my  practice, Oulu, Finland 2019</p>



<p>Uniarts Helsinki, Academy of Fine Arts, Library, Artist of the month, October 2019</p>



<p>Lahti Academy of liberal and fine arts 2016-2017</p>
</div>

<p>Ansioluettelo (FI) s.1997 Oulu Joktocon, Kirjailijapaneelin vetäjä 9.8.2025 Suomen tieteis- ja fantasiakirjoittajien hallituksen jäsen 2025 &#8211; Taideyliopiston Kuvataideakatemia, Kuvataiteen maisteri 2024 Taideyliopiston tukisäätiön apuraha 2024 Kuvataideakatemia, Kuvan Kevät 2024 Apexart jury, 2021, 2023 ja 2024 Presidentinvaalit, vaalitoimikunta varajäsen 2024 Etelä-Suomen Sanomat, haastattelu 22.6.2023 https://www.ess.fi/paikalliset/6021983 Galleria Uusi Kipinä, Lahti 2023 Taidemaalariliiton kokelasjäsenyys 2023 &#8211; Kuvataideakatemian oppilaskunnan [&hellip;]</p>
